et o(i) = 43*i + 4 - 8 - 4 - 8. Suppose 72 = 15*q - 3. Is o(q) prime?
True
Let k(x) be the second derivative of 103*x**4/3 + 11*x**3/6 - 11*x**2/2 - 97*x. Is k(-4) a composite number?
True
Let o = 272664 + -191031. Is o prime?
False
Let a = -27608 - -48079. Is a a prime number?
False
Suppose -56*r + 88*r - 1024192 = 0. Suppose 0 = 48*f - 47530 - r. Is f a composite number?
False
Is (-3 - (-5 - -3))*(-36338 - 9) a composite number?
True
Let c = -23 - -25. Let k = -179 + 176. Is k/c*11/(33/(-466)) prime?
True
Suppose 3*f - 6*r = -2*r + 70, 0 = -f + 4*r + 26. Suppose -5*c + 529 = 3*d, f = 2*d + 3*c - 332. Let o = d - -626. Is o composite?
False
Let m(r) = 3456*r - 28 + 7 + 28. Is m(5) composite?
True
Is 2999*(-20)/15*129/(-4) a prime number?
False
Suppose 0*g = -3*n + g + 100576, 4*n = 5*g + 134094. Suppose 8*a - 5*c = -10*c + 89431, 3*a + 4*c = n. Is a a composite number?
True
Suppose -2*q + 71*t = 66*t - 557811, 836797 = 3*q + 4*t. Is q a prime number?
False
Let q be -4 - (27 - 0) - (-1)/1. Let f be q/4 - 5/(-10). Is (f - -2)*(-148)/(8/2) prime?
False
Suppose -f - 3*z + 17167 = 0, -5*f = -6*f + 3*z + 17167. Is f a prime number?
True
Let m be 2 + -4 - (-4)/1. Suppose -m*y + 328 = -264. Suppose 0 = j + 2*o - 147, -2*o + y = -0*j + 2*j. Is j a prime number?
True
Suppose -2*l = -8*l + 699114. Suppose -76*z + l = -63*z. Is z prime?
True
Suppose -3*j + 7 = 2*n, 0 = 3*n + 2*j - 3*j - 5. Suppose n*c - 16 = -2*q, -6*q + q + 4*c + 85 = 0. Is 7028/14*(q/2 + -1) composite?
True
Let o(g) = -6*g - 26. Let u be o(-5). Let v be (u + -5)/(3/24*-2). Is (v + (-2)/2)/((-90)/(-4170)) prime?
True
Let z(o) = -2*o - 2 + 16*o - 13 - 2 + o**3 + 25*o**2. Is z(-24) a composite number?
False
Suppose -h + 657833 = -12*h + 3113110. Is h prime?
True
Is ((-3)/(22 + -28))/((6/(-322052))/(-3)) a composite number?
False
Suppose -3*n + 3*k = -14995 - 188159, 3*n - 203145 = -6*k. Is n prime?
False
Suppose -5*t - 3 - 17 = 0, -2*v = 2*t - 544. Suppose -v = -i - 2*c, 2*c + 1440 = 7*i - 2*i. Suppose -5*z + i = -4*d, -4*d + 131 = 3*z - 47. Is z prime?
False
Let f = -596 - -595. Suppose 804 = -2*s + 6*s. Is f/(-3)*(2 + s/3) a composite number?
False
Let d(g) = -g**2 + 8*g + 12. Suppose -3*k - 2*k + 40 = 0. Let l be d(k). Suppose 13*i - l*i = 139. Is i a composite number?
False
Let k(u) = 20646*u - 623. Is k(11) a composite number?
False
Let b = 56982 - 40379. Is b prime?
True
Let f = -45 + -25. Suppose 58*u - 55*u + 2*r = 3821, 4 = r. Let d = f + u. Is d prime?
True
Suppose -2*k + 80 = 2*k. Suppose k*c + 10 = 25*c. Suppose c*l = -0*l + 1114. Is l a prime number?
True
Let r(i) = -175*i + 121*i - 140*i - 187*i + 121. Is r(-6) a composite number?
True
Suppose j = 3*t + 30888, 3*t + 16139 = -2*j - 14740. Let v = t + 17637. Is (9/10 - 28/70)*v a composite number?
False
Suppose -42*t - 55*t + 23*t + 3760754 = 0. Is t composite?
False
Suppose 0 = -3*i - q + 152575 + 113047, 4*q - 88526 = -i. Suppose -14*h = -32*h + i. Is h composite?
False
Suppose 13 = 3*j - 4*j - 4*t, 0 = -5*j - t + 11. Suppose 12 = j*q, 2*v + q - 705 = v. Let u = v + -394. Is u composite?
False
Let n be (36 - 34)/((2*2)/(-2)). Let x be -6 - n - (3 + -12). Let i(f) = 13*f**3 + f**2 - 4*f + 3. Is i(x) a prime number?
False
Let w be (444 - 8)*31/(-4). Let f = w + 6396. Suppose -n - 5*x - f = -5*n, -3*x = -n + 756. Is n a prime number?
False
Suppose 3 = v - 2. Let f(p) = 35*p**2 - 21*p - 1. Is f(v) prime?
True
Let o(c) = 3*c**3 + 26*c**2 - 13*c - 7. Let d be o(-9). Suppose 0 = -3*t - 2*n + 11551, 4*t - 28*n + d*n = 15393. Is t a prime number?
True
Let m be 312/((-5)/20*-3). Let u = m - -6417. Is u prime?
True
Is ((-425603495)/(-62))/((-25)/(-10)) a composite number?
False
Suppose 6 - 3 = 3*p. Let s(v) = 248 + 25*v + 13*v + 74*v - 247. Is s(p) a composite number?
False
Is (44 + (-4450)/100)*1/((-1)/1197142) a prime number?
True
Let x = 108324 + -58405. Is x prime?
True
Suppose -q = -2*y + 5886, 3*q - 4 = 2*q. Let p = y - 1611. Suppose 3*w - 4*w + 676 = -r, -2*w - 4*r + p = 0. Is w composite?
False
Is (-8)/(-6)*1434297246/2456 prime?
True
Let h(n) = -43*n**3 + 2*n**2 + 82*n - 9. Is h(-6) prime?
False
Suppose -82209 + 22993 = -16*x. Suppose -21*a + x + 4846 = 0. Is a composite?
True
Suppose 5*a - 7 = 5*n + 3, 3*n = 2*a - 1. Suppose 10*p - n*p - 58009 = 0. Is p composite?
False
Let z(m) = -35027*m + 5561. Is z(-6) composite?
False
Let f(g) = 4595*g**3 + 18*g**2 - 7*g - 17. Is f(4) a prime number?
False
Suppose -316724 = -4*u + t, -4*u - 5*t + 190198 = -126526. Is u composite?
False
Suppose -38 = -4*u + 166. Suppose x - d = -5*d, -5*x = 3*d + u. Let n(i) = i**3 + 12*i**2 - 17*i - 13. Is n(x) prime?
True
Let p(w) be the third derivative of 0*w + 223/120*w**6 + 0 + 1/60*w**5 - 1/24*w**4 - 29*w**2 + 0*w**3. Is p(1) composite?
False
Suppose 0 = -4*u + 233 + 59. Let l = u + -47. Suppose -2*r + 412 = -l. Is r a prime number?
False
Let m(l) = -5*l + 100. Let x be m(-7). Is 911175/x + (-16)/36 a prime number?
False
Suppose o - 8*o = 3*o. Suppose 0*c - 4*s = -5*c + 43161, -2*c + 4*s + 17262 = o. Is c composite?
True
Is (177602470/1462 - (-6)/(-51)) + 4 + 0 a composite number?
True
Let d = -348 + 359. Suppose -d*p + 12552 - 1453 = 0. Is p a prime number?
True
Suppose 174*p = 8551062 + 5918604. Is p composite?
True
Let j(k) = 12*k**2 + k**3 + 27 - 3 + 21*k - 35*k**2. Let b be j(22). Suppose -5*w + 997 = -f + 3*f, -b*w + 403 = 5*f. Is w a composite number?
False
Suppose 0 = -9*x - 10*x + 38. Suppose p + 11516 = d, -x*d - 36*p + 39*p = -23035. Is d a prime number?
False
Suppose 4*t - 4*r - 22124 - 5240 = 0, 6829 = t - 3*r. Is t composite?
True
Let m(t) = 90*t - 2. Let n = -55 + 17. Let s = n - -42. Is m(s) prime?
False
Let l(w) = 2*w**2 + 5*w + 1. Let m be l(-19). Let f be (-3)/2*(4 - m/(-3)). Let p = -66 - f. Is p a composite number?
True
Suppose -3*h = -0*h + 12, -4*b + 12900 = 3*h. Suppose 113 = 11*d - 30. Suppose -19*s = -d*s - b. Is s a composite number?
True
Let s = -18585 - -33898. Is s a composite number?
False
Suppose -3*c = 3*f + 12, -4*f - 13 = f - 2*c. Is (2 + (-129)/9)/(f/333) a composite number?
True
Is (506/154 - 3) + (-156861)/(-7) a composite number?
False
Let b = 36857 - -140066. Is b a composite number?
False
Suppose -3*f + 3*a = -66, -2*f + 1 + 39 = -3*a. Let y(g) be the first derivative of 55*g**2/2 + 27*g + 2. Is y(f) a prime number?
False
Suppose 5*r = 36286 - 7981. Let x = r - 1340. Is x a composite number?
True
Let j(c) = 16*c**2 - 14*c - 33. Suppose -o = 13*o + 448. Let h be (288/128)/((-6)/o). Is j(h) a composite number?
True
Suppose -2*m - 6 = -r, 5*r + 0*r + 25 = -m. Let d(h) = -18*h**2 + 7. Let x be d(r). Let j = -87 - x. Is j prime?
False
Let m be ((-344)/120 + (-2)/(-10))*15. Is (20/15)/(m/(-441390)) a composite number?
False
Is (-9 - -956504) + ((4 - 4)/(-1))/4 composite?
True
Let n(r) = 65*r**2 - r - 1. Suppose -4*o + 49 = -5*g, 9*g + 14 = 4*o + 11*g. Is n(o) prime?
True
Let k be (-3)/(2 + -5) + 3. Suppose -k*n + 3863 = 3*s, -n = s + 3*n - 1293. Suppose m - s = -2*d + 4*d, 2*d = 4*m - 5134. Is m a composite number?
False
Let k(y) = y. Let z be k(0). Let v(o) = 8*o + 14397. Is v(z) prime?
False
Let w be (1 - 1)*(6 - 5). Suppose -32 = 2*x + 2*s, x - 3*x - s - 28 = w. Is ((-3231)/x)/((-3)/(-4)) a composite number?
False
Suppose -3*m + 16 = y - 37, 5*y - 180 = 2*m. Let w be -1*((-3)/6)/(1/y). Suppose 2*v - 3*t = 376, v - w - 156 = -5*t. Is v a composite number?
True
Suppose 5*q + 91455 + 101545 = c, 0 = -3*q - 2*c - 115813. Let g = -27398 - q. Is g prime?
False
Suppose -54 = -5*k - z, 3*k - 6*z - 22 = -4*z. Is (-1 - 27/(-15))*18775/k prime?
False
Let q(y) = -y**3 + y**2 + y - 1. Let p(a) = 2*a**3 + 15*a**2 + 10*a + 8. Let l(r) = p(r) + q(r). Let c be l(-15). Let n = c - 45. Is n composite?
True
Let c = -315 + 1838. Is c a composite number?
False
Is (86761896/72 + 1/(-3))*(-10)/(-20) composite?
False
Is (4 - -764421) + -2 + (7 - 6) + 7 a composite number?
False
Suppose 0 = -4*b - 2*z + 301168, -427*z + 430*z = -3*b + 225885. Is b a composite number?
False
Let b be 2*(-5)/20*-6. Suppose m + 4*k - 256 = 1053, -5*m = -b*k - 6591. Is m a composite number?
True
Let n(v) = 59834*v**2 + 104*v - 105. Is n(1) a prime number?
True
Let b = 40 + -123. Let l = -81 - b. Suppose -c - 2340 = -5*d, -d + l*c = -2*d + 457. Is d comp